mmon factor of 1817881 and 26?
13
What is the highest common divisor of 19869 and 703?
37
Calculate the greatest common divisor of 210 and 20475.
105
Calculate the highest common factor of 31 and 2944442.
31
Calculate the greatest common divisor of 804 and 1072.
268
Calculate the greatest common divisor of 10160 and 17145.
635
What is the greatest common divisor of 3844 and 1984?
124
What is the highest common factor of 1298 and 198122?
118
What is the highest common divisor of 127238 and 2?
2
Calculate the highest common divisor of 1998 and 1782.
54
Calculate the highest common factor of 76 and 3724228.
76
Calculate the highest common divisor of 86 and 22489.
43
Calculate the highest common divisor of 2342450 and 1925.
275
What is the highest common factor of 37891 and 7?
7
What is the highest common divisor of 281759 and 447?
149
Calculate the greatest common divisor of 1352 and 642538.
338
Calculate the greatest common divisor of 13090 and 2464.
154
Calculate the greatest common divisor of 260 and 148252.
52
What is the highest common divisor of 2079 and 5481?
189
What is the greatest common factor of 969 and 27189?
57
What is the highest common divisor of 321 and 1070?
107
What is the greatest common divisor of 6968 and 1072?
536
What is the highest common divisor of 9051 and 42?
21
Calculate the greatest common divisor of 13530 and 111210.
330
What is the greatest common factor of 65785 and 944?
59
What is the greatest common factor of 14592 and 2166?
114
What is the highest common divisor of 22 and 1401224?
22
Calculate the greatest common divisor of 671 and 17661391.
671
What is the highest common factor of 28322 and 476?
238
Calculate the highest common factor of 24 and 27066.
6
What is the greatest common factor of 3 and 59528?
1
What is the highest common factor of 119200 and 64?
32
Calculate the highest common factor of 36 and 17166.
6
Calculate the greatest common divisor of 3010 and 460.
10
Calculate the greatest common factor of 191362 and 5870.
1174
Calculate the highest common divisor of 5116 and 364.
4
What is the greatest common divisor of 1235 and 31711?
19
Calculate the highest common divisor of 39 and 55120.
13
Calculate the greatest common divisor of 4170 and 2820.
30
Calculate the highest common factor of 3638 and 1054.
34
Calculate the highest common divisor of 50463 and 1377.
81
What is the greatest common factor of 550239 and 51?
51
Calculate the highest common divisor of 435 and 57810.
15
What is the highest common factor of 1880 and 2162?
94
What is the highest common factor of 285571 and 52?
13
Calculate the greatest common divisor of 324 and 384.
12
What is the highest common factor of 302 and 3775?
151
What is the greatest common divisor of 616 and 17600?
88
What is the highest common factor of 5 and 252685?
5
Calculate the highest common divisor of 523585 and 10.
5
What is the highest common factor of 266 and 21394?
38
Calculate the highest common divisor of 20 and 29465.
5
Calculate the highest common factor of 248 and 14508.
124
Calculate the greatest common factor of 1590 and 32754.
318
Calculate the highest common factor of 200 and 200.
200
Calculate the highest common factor of 89724 and 12.
12
What is the greatest common factor of 496 and 79472?
16
What is the greatest common factor of 35975 and 50?
25
What is the highest common factor of 41 and 4?
1
What is the greatest common factor of 23397 and 497009?
709
What is the greatest common divisor of 1762411 and 553?
553
What is the greatest common factor of 2516 and 268804?
68
Calculate the highest common factor of 19 and 6906.
1
What is the greatest common factor of 4167 and 6019?
463
What is the greatest common divisor of 45409 and 273?
91
Calculate the greatest common divisor of 232 and 20024.
8
Calculate the greatest common divisor of 17 and 11329548.
17
What is the highest common factor of 271643 and 1615?
323
What is the highest common factor of 13550 and 3550?
50
What is the highest common divisor of 11 and 72765?
11
Calculate the highest common divisor of 45904 and 906.
302
Calculate the greatest common factor of 82585 and 3582.
199
What is the greatest common divisor of 2744 and 27832?
392
What is the greatest common factor of 24806 and 19434?
158
Calculate the highest common divisor of 22237 and 37.
37
Calculate the greatest common divisor of 102 and 112914.
102
Calculate the highest common factor of 147298 and 1.
1
What is the highest common factor of 44 and 21626?
22
What is the greatest common factor of 6641 and 1189?
29
Calculate the greatest common factor of 1927143 and 1165.
233
Calculate the greatest common factor of 105197 and 59.
59
What is the highest common divisor of 4650 and 133500?
150
What is the highest common divisor of 583 and 358333?
53
What is the highest common divisor of 18531 and 104661?
261
Calculate the highest common factor of 2586 and 1301620.
862
What is the greatest common factor of 30 and 26540?
10
What is the highest common factor of 825 and 76175?
275
Calculate the greatest common factor of 8874280 and 2440.
2440
What is the highest common divisor of 42738 and 2346?
102
What is the greatest common factor of 320349 and 24?
3
Calculate the greatest common divisor of 285615 and 90.
45
What is the greatest common factor of 9295 and 47320?
845
Calculate the greatest common factor of 435 and 10185.
15
What is the highest common factor of 573987 and 293?
293
What is the highest common factor of 12763956 and 492?
492
Calculate the greatest common divisor of 119 and 301.
7
Calculate the highest common factor of 12 and 154818.
6
Calculate the greatest common divisor of 116454 and 42.
6
Calculate the greatest common factor of 25317 and 87.
87
What is the greatest common factor of 57 and 63118?
19
Calculate the greatest common divisor of 489112 and 689.
13
Calculate the highest common factor of 6 and 29166.
6
Calculate the greatest common divisor of 4537 and 344463.
349
What is the greatest common factor of 880 and 35120?
80
What is the greatest common divisor of 3080 and 36520?
440
Calculate the highest common divisor of 456 and 167808.
456
Calculate the greatest common factor of 101552 and 528.
176
Calculate the highest common divisor of 67 and 938536.
67
What is the greatest common divisor of 23338 and 14?
14
Calculate the highest common factor of 2775 and 81807.
111
Calculate the greatest common factor of 491 and 491.
491
Calculate the highest common factor of 2714352 and 72.
24
Calculate the highest common factor of 15341 and 16675.
667
Calculate the highest common factor of 648 and 94716.
108
Calculate the highest common divisor of 6045 and 915.
15
What is the highest common factor of 4117 and 1978?
23
What is the highest common factor of 16523 and 36244?
533
What is the highest common divisor of 818 and 643766?
818
Calculate the highest common divisor of 543248 and 1064.
152
What is the highest common divisor of 18 and 148026?
6
What is the greatest common factor of 102 and 4038?
6
Calculate the highest common factor of 12892 and 10841.
293
What is the highest common divisor of 11810 and 810?
10
What is the greatest common factor of 428 and 961074?
214
Calculate the greatest common divisor of 47502 and 3339.
63
Calculate the highest common factor of 89 and 385548.
89
Calculate the highest common factor of 93 and 39587.
31
What is the greatest common divisor of 298624 and 128?
128
What is the greatest common factor of 1029 and 59199?
21
Calculate the greatest common divisor of 108 and 1314.
18
Calculate the highest common factor of 2314 and 899434.
178
Calculate the greatest common divisor of 2951 and 247.
13
Calculate the greatest common divisor of 11063 and 34632.
481
Calculate the greatest common divisor of 1107 and 108.
27
What is the highest common factor of 25 and 545500?
25
Calculate the greatest common factor of 280 and 14840.
280
What is the greatest common divisor of 299 and 45812?
13
Calculate the highest common divisor of 21 and 354921.
21
What is the greatest common divisor of 136 and 34493?
17
Calculate the greatest common divisor of 795 and 643155.
795
What is the greatest common divisor of 376 and 126336?
376
What is the highest common divisor of 1828 and 1123306?
914
Calculate the greatest common divi